7
Let g = -1593 + 17748. What are the prime factors of g?
3, 5, 359
Let k = -831 - -822. What are the prime factors of 3/(k/1) - 75760/(-48)?
2, 3, 263
Suppose 0 = -2*o - 5*y + 25135, -y + 37735 = -5*o + 8*o. List the prime factors of o.
2, 5, 17, 37
Let o = 64 + -64. Suppose o = -7*b + 12264 + 21616. What are the prime factors of (1 - -1) + b/22?
2, 3, 37
Suppose -q + 3 = -4*u - 4*q, q = -1. Suppose u*a + 4*t = -2*a + 650, -15 = 3*t. What are the prime factors of a?
5, 67
Let w = 234028 + -161022. List the prime factors of w.
2, 173, 211
Suppose -11*u + 5*u - 367884 = 0. List the prime factors of 6/10 + u/(-110).
2, 3, 31
Suppose -40 + 15 = -5*t - 3*x, -5*x = -t + 5. Suppose -3*c - 730 = -t*c. What are the prime factors of c?
5, 73
Let t = 79 + -59. Let y(z) = -z + 11. Let h be y(t). What are the prime factors of 6/(-27) + (-335)/h?
37
Let i be 45/6*(-104)/(-6). Suppose -23*d + i = -10*d. What are the prime factors of d?
2, 5
Let z = 1973 + -1032. List the prime factors of z.
941
Let k(d) = 2268*d**2 - 136*d + 138. What are the prime factors of k(1)?
2, 5, 227
Let k be 8/4 - -2*1. Let s(b) = 4*b**2 - 3 + 8*b - 2*b**2 - 4*b. What are the prime factors of s(k)?
3, 5
Let q be -3 + (-32)/10*10/(-4). Suppose s - 502 = -3*o, -5*s + 3109 = -q*o + 559. Suppose -5*b = -b - s. List the prime factors of b.
127
Let r = 53190 + -37227. What are the prime factors of r?
3, 17, 313
Suppose 318*x + 177252 = 322*x - 2*o, -3*x - 4*o = -132972. List the prime factors of x.
2, 3, 1231
Suppose -13*r + 10*r = 4*f - 651, f - 157 = 5*r. Suppose 242 = 2*u - t, 4*t - 190 = -3*u + f. What are the prime factors of u?
2, 3, 5
Let d = -28581 - -51546. List the prime factors of d.
3, 5, 1531
Suppose -3*v = -0*v + 30. Let i be (-2)/10 + (-62)/v. What are the prime factors of i*(-136)/(-6) + 4 + -7?
7, 19
Let k(l) = -l**3 - 3*l**2 + 5. Let o be k(3). Let w = 391 + o. List the prime factors of w.
2, 3, 19
Suppose 0 = -11432*u + 11484*u - 2413372. What are the prime factors of u?
46411
Let t be (-22)/(-33) + (-2523)/(-9). Let l = t + 659. What are the prime factors of l?
2, 5, 47
Let i = 136 - 133. Suppose -5*o + 334 = s, -i*o = o + s - 267. List the prime factors of o.
67
Let m = -3990 - -8547. List the prime factors of m.
3, 7, 31
List the prime factors of 15/55*11 + (4206 - 1).
2, 263
Suppose -4*u = -0*u - 2*m - 34, -12 = -3*u - 3*m. Suppose -8211 = u*z - 24*z. List the prime factors of z.
3, 7, 23
Let m = 21609 + -8325. List the prime factors of m.
2, 3, 41
Suppose 4*p = -3*a + 55, -3*p + a + 10 = -3*a. Suppose 8*v + 203 = 43. List the prime factors of (-1 + -17)/(p/v).
2, 3
Let p = -25716 + 33594. What are the prime factors of p?
2, 3, 13, 101
Suppose 0 = 8*l - 12*l + 44. Suppose -l*q - 280 = -13*q. List the prime factors of q.
2, 5, 7
Suppose -2*o + 2*q + 14044 = 0, o = 475*q - 476*q + 7024. List the prime factors of o.
3, 2341
Let r = 40 + -34. Let t(q) = 22*q + 2*q**2 - 36*q + 15*q - 20. List the prime factors of t(r).
2, 29
What are the prime factors of (6 + -29 - 7)*-56?
2, 3, 5, 7
Let r = -244 - -952. Let j be r/32 + 6/(-48). Suppose 4*q + j - 730 = 0. What are the prime factors of q?
3, 59
Let m be -3 - (8*-4 - -3). Let i = 31 - m. Suppose 0 = 5*j + i*c - 685, 3*j - 123 = 4*c + 309. What are the prime factors of j?
2, 5, 7
Suppose -320396 - 591844 = -90*x. What are the prime factors of x?
2, 7, 181
Suppose -225892 = -3*j - 137*m + 138*m, -j - 2*m + 75309 = 0. What are the prime factors of j?
7, 31, 347
Let g(j) = -90*j - 99. Let i be g(-36). Let u = 4475 - i. List the prime factors of u.
2, 23, 29
Suppose 3*n - 9 = -c - 0*n, 23 = 4*c - n. Let w = -106 + 108. Suppose 3*a - 4*m = 8*a - 1052, w*m = c. What are the prime factors of a?
2, 13
Suppose 8*w + 3*g = 6*w - 8, 5*g + 20 = 0. Suppose 2943 = 25*r + w*r. What are the prime factors of r?
109
Let j = 335 + -331. Let o = 281 - j. What are the prime factors of o?
277
Let r = -67 - 11. Let j = r + 66. What are the prime factors of ((-176)/(-24))/((-2)/j)?
2, 11
Let p = -105 - -107. Suppose -5*c + 121 = 6*w - 2*w, 0 = p*c - w - 51. What are the prime factors of c?
5
Suppose -2*r + 0*r + 48 = 4*a, 3*r = 3*a - 54. Suppose -3075 = -a*n + 6459. List the prime factors of n.
3, 227
Suppose 14*w + 23*w - 188839 - 174094 = 0. List the prime factors of w.
17, 577
Let s = -107 + 75. Let l = s + 31. What are the prime factors of 1 + 3 - (l + -2)?
7
Let l(p) = 22*p - 14. Let t be l(1). Suppose 306 + 638 = t*g. List the prime factors of g.
2, 59
Let z = 2 + 3. Suppose 5*w + 11 - 21 = 0. Suppose z*t = 4*r + 219, t + r + 44 = w*t. What are the prime factors of t?
43
Let c(z) = -6*z - 3. Let a be c(-4). Let l = a + -6. Suppose -113 + l = -t. What are the prime factors of t?
2, 7
Let c = 1524 + 545. Let w = c + -1307. List the prime factors of w.
2, 3, 127
Let g = 56 + -53. Let u be ((-42)/(g/(-1)))/(3/(-6)). List the prime factors of (u/20 - -1) + (-44)/(-10).
2
Let w(b) = -218*b + 10. Let m be w(1). Let v = 350 + m. What are the prime factors of v?
2, 71
Suppose -4*t + 5*p = t + 20, 0 = 4*t + 4*p + 16. List the prime factors of (-1)/(t/(-4972)*-1).
11, 113
Let t(d) = -5*d - 18 + 2*d - 9*d**2 - 7*d - 19762*d**3 + 19761*d**3. Let g be 18/8*4/(-1). List the prime factors of t(g).
2, 3
Suppose -4*n - 5*p + 7682 = 0, 97*n - 3880 = 95*n + 4*p. List the prime factors of n.
2, 241
Let q = 6182 - -6154. What are the prime factors of q?
2, 3, 257
Let d(a) = -106*a - 2. Let b be 2/3*(-66)/(-4). Suppose 0*o = -11*o - b. List the prime factors of d(o).
2, 13
Let t(p) = -111*p + 15901. What are the prime factors of t(141)?
2, 5
Let g(v) = -4*v + 71. Let h be g(15). Suppose -6*y - l = -h*y + 4337, 3*l - 4349 = -5*y. List the prime factors of y.
2, 7, 31
Suppose 0 = c - 3*k - 2, 2*c - 4*k - 6 = 0. Suppose -17 = f - 3*g, -8 - 17 = f - c*g. What are the prime factors of (896/80)/((-1)/f)?
2, 7
Let m = 9752 - -8143. Suppose -3474 = 33*h - m. What are the prime factors of h?
19, 23
Suppose 3*d + 5*k - 13 + 23 = 0, 3*d - 8 = 4*k. Suppose d = 39*b - b - 1672. What are the prime factors of b?
2, 11
Suppose 9*r - 103096 = -155*r + 1687128. What are the prime factors of r?
2, 2729
Let c(h) = h**3 - 56*h**2 - 102*h - 19. What are the prime factors of c(62)?
23, 727
Suppose -3*n = -0*n. Suppose 79*c = 45*c + 170. Suppose 4*g = c*t + 5 - 60, n = -2*t + 3*g + 15. List the prime factors of t.
3, 5
Let w(t) = 156*t**3 - 2*t + 1. Let n be w(2). Suppose 3*y - 2*c - n = -9859, -3*y - 4*c = 8638. List the prime factors of y/(-24) - (-3)/(-4).
7, 17
Let f(i) = 9*i**2 - 239*i + 159. What are the prime factors of f(30)?
3, 11
Let x(u) = u**3 - 20*u**2 + u - 13. Let v be x(20). Suppose 0 = 4*r - v*r + 444. Suppose -4*j + 0*j + r = 0. List the prime factors of j.
37
Suppose 3*k - 674 = k. Suppose 4*x - 2*j = j + 1384, x - k = 3*j. Suppose -49 + x = 5*l. List the prime factors of l.
2, 3, 5
Let s(n) = n**2 - 7*n - 17. Let c(j) = 3*j - 18. Let g be c(9). Let k be s(g). Let w(b) = 5*b**3 - 2*b**2 + 2*b - 1. What are the prime factors of w(k)?
2
Suppose 0 = -13*h - 1456 + 6747. Let l = -123 + h. List the prime factors of l.
2, 71
Suppose 92 = 4*z - 468. Let k = 146 - z. List the prime factors of k.
2, 3
List the prime factors of (4056 - (1 - 4)) + (-5 - -4).
2, 2029
Let u = -102 - -120. Suppose 14*p + 144 = u*p. What are the prime factors of p?
2, 3
Suppose -4*p + 6 = 3*n, 0 = -4*n - 3*p - 0*p + 8. Suppose -38 = -n*r + 466. Suppose -156 - r = -6*i. List the prime factors of i.
2, 17
Let f(p) = 4*p**2 + 120*p - 2015. What are the prime factors of f(64)?
17, 1297
Let v(p) be the first derivative of p**6/360 - p**5/60 + 21*p**4/8 - 11*p**3/3 + 36. Let o(z) be the third derivative of v(z). List the prime factors of o(0).
3, 7
Suppose -31 = 2*c + 19. Let q = -23 - c. Suppose q*o - 600 = -4*o. What are the prime factors of o?
2, 5
Let n(w) = 4*w**3 + 240*w**2 - 148*w - 78. What are the prime factors of n(-60)?
2, 3, 163
Suppose -2*w - 17 = 3*y - 0, 3*y + 10 = 5*w. List the prime factors of (2 + -3 - -131) + w.
3, 43
Suppose 0 = 8*z - 5*z - 9. Suppose -4*m = -4*s - 616, z*m + 0*s - 454 = -s. Suppose 5*i = -v + 96, -2*v + 0*i - 2*i = -m. What are the prime factors of v?
71
Let m(p) = -24*p**2 + 63*p + 10. Let q(l) = -60*l**2 + 158*l + 24. Let f(z) = 12*m(z) - 5*q(z). List the prime